**2 - h. Calculate v(-2).
6
Let i(c) = -105*c - 438. Calculate i(-4).
-18
Let i(k) = -k**3 + 21*k**2 + 42*k + 66. Calculate i(23).
-26
Let z(w) = -4*w + 82. Give z(19).
6
Let z(l) = -l**2 - 29*l + 56. Determine z(2).
-6
Let a(k) = 2*k**3 - 4*k + 3. What is a(2)?
11
Let o(j) = 30*j**2 + j. Give o(-1).
29
Let p(d) = -3*d - 4. What is p(-2)?
2
Let s(o) = -o**2 - o + 9. What is s(8)?
-63
Let c(f) = -f - 1. Determine c(-1).
0
Let u(h) = -3*h + 17. What is u(8)?
-7
Let f(d) = d**2 + 3*d - 3. Calculate f(1).
1
Let h(b) = 5*b**2 - 2*b + 6. Determine h(-4).
94
Let c(f) = -f**3 - 17*f**2 + 20*f + 43. Give c(-18).
7
Let y(p) = -7*p**2 - 4*p + 5. Determine y(-4).
-91
Let f(z) = z - 1. Give f(12).
11
Let y(h) = -h**2. Give y(-5).
-25
Let j(d) = 2*d**3 - d + 3. What is j(3)?
54
Let n(a) = 3*a - 22. Determine n(15).
23
Let l(t) = -3*t - 4. Calculate l(-3).
5
Let z(d) = 28*d**2 - 1. Give z(1).
27
Let v(t) = -t**2. Give v(1).
-1
Let n(f) = f**2 - 16*f - 71. Determine n(19).
-14
Let c(u) = -2*u**2 + 1. What is c(-2)?
-7
Let v(y) = 3*y - 44. Calculate v(22).
22
Let i(z) = -5*z + 5. Give i(9).
-40
Let r(c) = 16*c + 48. Give r(-9).
-96
Let n(y) = 5*y + 5. Give n(4).
25
Let o(j) = 3*j**2 + 9*j + 15. What is o(-5)?
45
Let h(q) = 5*q - 76. What is h(13)?
-11
Let l(m) = 10*m - 9. What is l(4)?
31
Let n(k) = k**2 - 9*k + 9. Determine n(6).
-9
Let z(m) = 3*m**3 + 2*m**2 + 4*m + 6. Give z(-2).
-18
Let q(a) = -a**3 - 3*a**2 - 2*a + 6. Determine q(3).
-54
Let c(b) = 15*b - 2. Give c(1).
13
Let a(z) = z - 21. What is a(16)?
-5
Let n(r) = 11*r + 8. Calculate n(-2).
-14
Let q(m) = 3*m**3 + 64*m**2 + 19*m - 44. Calculate q(-21).
-2
Let z(n) = -n**2 - 8*n + 23. Give z(-10).
3
Let h(c) = -10*c + 76. Calculate h(9).
-14
Let f(h) = 4*h**2 - 25*h - 49. Determine f(-2).
17
Let x(y) = -2*y**2 - 19*y - 21. Calculate x(-8).
3
Let h(i) = i**3 - 15. Give h(0).
-15
Let d(h) = 4*h + 3. Calculate d(-11).
-41
Let d(n) = 14*n - 254. Determine d(18).
-2
Let p(t) = 16*t - 2. Determine p(2).
30
Let p(m) = m**2 + 5*m - 11. Give p(-7).
3
Let o(g) = -g**3 - 5*g**2. Determine o(-5).
0
Let a(n) = -n**2 - 3*n - 2. What is a(-8)?
-42
Let r(b) = -9*b + 17. What is r(6)?
-37
Let q(u) = -u**2 + 12*u - 25. Determine q(6).
11
Let t(k) = -k**3 - 45*k**2 - 36*k + 355. Determine t(-44).
3
Let m(x) = -11*x + 101. Determine m(9).
2
Let s(k) = -k**2 + k. Calculate s(-10).
-110
Let j(n) = 38*n + 228. Determine j(-6).
0
Let h(u) = -2*u + 2. Give h(8).
-14
Let x(d) = 3*d - 1. Determine x(2).
5
Let c(u) = 60*u - 844. Calculate c(14).
-4
Let b(y) = 57*y - 304. What is b(5)?
-19
Let m(x) = -x**3 - 5*x**2 - x - 3. Determine m(-5).
2
Let s(l) = 3*l**2 - 3*l - 7. What is s(-3)?
29
Let a(p) = 15*p**2 + p. What is a(-1)?
14
Let n(r) = -r - 12. Give n(-9).
-3
Let d(i) = i**2 - 12*i + 17. Give d(4).
-15
Let i(w) = 2*w**2 + 4*w - 18. What is i(-5)?
12
Let b(i) = 3*i**2 + 84*i - 196. Give b(-30).
-16
Let k(v) = -2*v - 22. What is k(8)?
-38
Let t(q) = -q**3 + 10*q**2 - 18*q + 9. Give t(8).
-7
Let k(b) = 7*b + 1. What is k(-1)?
-6
Let g(w) = 2*w**3 + 4*w**2 + w - 4. What is g(-3)?
-25
Let o(z) = -z**3 + 2*z**2 + 3*z + 2. Determine o(3).
2
Let d(w) = 5*w - 7. What is d(8)?
33
Let x(m) = m + 33. What is x(-19)?
14
Let u(v) = -v**2 + v. Give u(2).
-2
Let b(j) = j**2 + 25*j - 113. Give b(-27).
-59
Let k(g) = -g - 18. Calculate k(-7).
-11
Let x(k) = -7*k - 35. What is x(-6)?
7
Let o(z) = -20*z**2 + 298*z + 22. What is o(15)?
-8
Let c(w) = 8*w - 2. Determine c(-2).
-18
Let z(i) = -2*i + 2. Determine z(1).
0
Let y(u) = 10*u**2 + 2*u + 3. Determine y(-2).
39
Let s(y) = y**3 - 2*y**2 - 167*y + 5. Give s(-12).
-7
Let y(j) = 18*j + 438. Calculate y(-24).
6
Let l(g) = 8*g + 13. Determine l(-3).
-11
Let m(p) = 4*p + 1. Give m(10).
41
Let w(f) = 2*f - 67. What is w(30)?
-7
Let r(h) = -88*h**3 + h**2 + 3*h + 3. Calculate r(-1).
89
Let c(d) = -2*d**2 - 22*d - 38. Give c(-8).
10
Let g(b) = 2*b**3 - 17*b**2 - 11*b + 16. Give g(9).
-2
Let y(j) = j**2 + 3*j + 2. Calculate y(-1).
0
Let v(x) = x**3 + 5*x**2 + x + 11. Give v(-5).
6
Let t(s) = s**2 + s + 10. Determine t(0).
10
Let q(k) = -72*k + 5. Give q(1).
-67
Let h(v) = -2*v**3 - 4*v**2 + 4*v + 2. Give h(-5).
132
Let m(g) = -g**2 + 9*g - 11. What is m(12)?
-47
Let g(t) = -t**3 - 18*t**2 + 38*t - 38. What is g(-20)?
2
Let j(x) = -9*x + 53. Give j(4).
17
Let q(y) = 37*y + 586. Determine q(-16).
-6
Let a(f) = f**2 + 16*f + 14. What is a(-10)?
-46
Let w(d) = -d**3 - 8*d**2 + 32*d - 8. What is w(-11)?
3
Let o(s) = -s + 2. Give o(4).
-2
Let i(c) = 5*c + 6. Calculate i(-5).
-19
Let y(v) = -2*v**3 - 7*v**2 - 2*v - 5. What is y(-3)?
-8
Let g(h) = 6*h - 14. Give g(3).
4
Let t(r) = r**2 + 8*r - 10. What is t(-10)?
10
Let t(s) = 4*s - 2. Determine t(5).
18
Let c(o) = -o**3 - 7*o**2 + 9*o + 12. Determine c(-8).
4
Let a(u) = u**3 + 21*u**2 + 37*u - 16. Calculate a(-19).
3
Let n(y) = -32*y**2 - y - 3. Calculate n(2).
-133
Let a(x) = -x**3 + 5*x**2 + 2*x - 12. Give a(5).
-2
Let z(u) = -21*u**3 - 3*u**2 - 4*u - 3. Determine z(-1).
19
Let w(o) = -4*o - 11. Determine w(-8).
21
Let z(a) = -5*a - 61. Calculate z(-14).
9
Let i(d) = d**3 + 5*d**2 + 2*d + 2. What is i(-4)?
10
Let i(b) = b + 30. What is i(0)?
30
Let v(i) = -3*i + 8. Calculate v(6).
-10
Let n(r) = -8*r - 62. What is n(-9)?
10
Let g(h) = 10*h**3 - h**2 - h. Give g(-1).
-10
Let c(l) = -3*l**3. Give c(-1).
3
Let l(o) = -3*o + 8. Determine l(7).
-13
Let y(w) = w**3 + w**2 + w + 11. Determine y(0).
11
Let l(g) = 10*g - 53. Determine l(5).
-3
Let c(l) = l**3 + 3*l**2 - 11*l - 12. Calculate c(-5).
-7
Let s(a) = a - 63. Calculate s(29).
-34
Let q(d) = d**3 - 4*d**2 + 4*d - 3. Give q(1).
-2
Let g(b) = b**3 + 3*b**2 - 2. Give g(1).
2
Let m(r) = -6*r - 14. Give m(-4).
10
Let s(t) = t + 14. Determine s(-12).
2
Let a(k) = 2*k + 3. Calculate a(-15).
-27
Let j(r) = -12*r**3 + 3*r - 3. Determine j(1).
-12
Let x(i) = -78*i - 544. Give x(-7).
2
Let u(q) = -q**2 + 14*q - 29. What is u(12)?
-5
Let m(n) = n**2 - 22*n + 25. Calculate m(20).
-15
Let w(g) = -2*g**2. Calculate w(3).
-18
Let p(k) = -84*k + 224. What is p(3)?
-28
Let w(l) = l**3 + 8*l**2 + 13*l. Determine w(-2).
-2
Let n(y) = -51*y - 2. Give n(1).
-53
Let w(m) = -m**2 + 3*m - 5. What is w(4)?
-9
Let j(z) = -9*z**2 - 2*z + 2. Calculate j(-2).
-30
Let a(z) = -7*z - 150. What is a(-23)?
11
Let i(s) = -14*s + 36. Give i(-6).
120
Let z(d) = -3*d - 7. Give z(4).
-19
Let h(m) = -m**2 - 8*m - 4. Calculate h(-7).
3
Let r(y) = -y**3 - 13*y**2 - 29*y + 15. Determine r(-10).
5
Let h(q) = -q**2 - 4*q + 23. What is h(4)?
-9
Let p(l) = -5*l - 9. Give p(-5).
16
Let s(l) = 7*l - 12. Determine s(3).
9
Let o(b) = 3*b**3 - 46*b**2 + 15*b + 1. Determine o(15).
1
Let c(h) = -h**3 - 6*h**2 - h - 1. Give c(-5).
-21
Let s(o) = o**2 - 19*o + 9. What is s(13)?
-69
Let u(k) = -k**2 + 4*k + 159. Calculate u(15).
-6
Let t(v) = v**2 - 4*v - 4. What is t(3)?
-7
Let u(c) = 8*c + 4. Determine u(-5).
-36
Let k(p) = 48*p + 96. Give k(-2).
0
Let l(k) = k**2 + 11*k + 2. Determine l(-10).
-8
Let t(o) = -o**3 - 8*o**2 + 4*o + 9. Give t(-6).
-87
Let q(l) = l**2 + 35*l + 174. Determine q(-29).
0
Let r(k) = -4*k - 67. Give r(-19).
9
Let p(m) = -10*m - 94. Determine p(6).
-154
Let i(b) = b**3 - 12*b**2 + 12*b - 13. Give i(11).
-2
Let v(r) = r**2 - 16*r - 18. Give v(11).
-73
Let m(s) = 4*s**3 + 2*s**2 - 1. What is m(1)?
5
Let s(z) = 6*z + 4. What is s(-7)?
-38
Let t(r) = -40*r - 175. Give t(-5).
25
Let f(k) = k**3 + 3*k**2 - 6. Give f(-4).
-22
Let n(f) = -f**2 + 5*f + 1. What is n(5)?
1
Let j(n) = n**3 + 15*n**2 + 16*n + 31. What is j(-14)?
3
Let a(z) = 4*z**2 - 13. Calculate a(-3).
23
Let b(c) = c**2 + 11*c + 8. What is b(-12)?
20
Let a(b) = 2*b**2 - 10*b - 4. Determine a(5).
-4
Let y(c) = 12*c - 1. What is y(-3)?
-37
Let g(n) = -2*n**2 + 54*n + 234. Give g(-4).
-14
Let s(q) = -4*q - 12. Calculate s(18).
-84
Let r(x) = 2*x**3 + 9*x**2 + 2*x - 10. Calculate r(-6).
-130
Let p(a) = -a**2 - 5*a + 5. Determine p(-10).
-45
Let n(o) = o**3 - 15*o**2 + 12*o + 16. Give n(14).
-12
Let l(r) = -r**2 - 2*r - 1. What is l(2)?
-9
Let i(l) = l**3 - 11*l**2 + 26*l - 16. Give i(8).
0
Let f(v) = -4*v - 22. Calculate f(-11).
22
Let r(l) = 18*l + 266. Determine r(-15).
-4
Let s(n) = -2*n**2 + 3. Calculate s(4).
-29
Let l(x) = -x**2 - 10*x - 28. Give l(-7).
-7
Let p(i) = -7*i -